factor of 408 and f?
24
Suppose 2*w + 17 = -b, 4*b - 25 = -w - 30. Let n be 2 + 0 + (-1 - -2). Let i be 10/3 + (-1)/n. Calculate the highest common divisor of i and b.
1
Let k = -37751 - -37759. What is the highest common divisor of 20392 and k?
8
Suppose 464 = 6*z + 392. Suppose 2954 = 4*h - c + 3*c, 4*c - z = 0. What is the highest common divisor of h and 67?
67
Let c = 11373 + -11361. Calculate the highest common divisor of c and 596.
4
Suppose -2 - 13 = -5*w. Suppose 396 = 5*l + w*n, l = -2*l + 4*n + 226. Let r be (36/10)/(2/65). Calculate the highest common factor of l and r.
39
Let y(d) = -d**3 + 18*d**2 - 26*d + 8. Let o be y(16). Suppose 7*k = -k + o. Suppose 0 = -5*x - 3 + k. What is the highest common divisor of x and 3?
1
Let s be ((-470)/(-4))/((-2)/12). Let w be s/(-9) - (-35)/21. What is the highest common divisor of w and 220?
20
Let b be ((-432)/(-10) + 3 + -3)/((-7)/(-35)). Calculate the greatest common factor of b and 228.
12
Let u(f) = 66*f**2 + 6*f + 6. Let z be u(-2). Let q = 568 - z. Calculate the greatest common factor of 62 and q.
62
Suppose 0 = 5*g + 20, -5*o + 64018 = 42*g - 44*g. Calculate the greatest common divisor of 37 and o.
37
Let p = -229 - -257. Let s = 45 + p. Calculate the greatest common divisor of 657 and s.
73
Let t be (2/(-6))/(1/(-3)). Let r(n) = 10*n - 61. Let c be r(5). Let h = t - c. What is the greatest common divisor of h and 96?
12
Suppose -k - 3*g + 0*g = 600, 2*g = -5*k - 3000. Let t be (k/375)/((-4)/30). What is the highest common factor of 132 and t?
12
Suppose -7 = q - 10. Suppose 2*r = k + 7, q*r - 4*k - 10 = -2*k. Suppose -4*h = 4*b - 92, -3*b + 0 = -h + 27. Calculate the highest common factor of r and h.
4
Suppose 4*v + 7*f - 155 = 6*f, 0 = 2*v - 5*f - 83. Suppose -93 = -v*g + 8*g. Suppose 45 = 4*p - 63. What is the highest common divisor of g and p?
3
Suppose -64*x = -72*x + 2088. Calculate the highest common divisor of x and 667.
29
Let p = -341 - -378. Suppose g = 158 - p. What is the highest common factor of 22 and g?
11
Let x be 4/(-40) - (-205)/50. Suppose x*k - 3*y - 540 = 0, 2*y = y. What is the greatest common divisor of k and 5?
5
Let a = -793 - -1430. Calculate the greatest common divisor of a and 42.
7
Let o(c) = -c**3 + 15*c**2 - 14*c + 25. Let z be o(14). Suppose 52 = z*p - 21*p. Let v be (0 - 1) + p/(78/888). What is the greatest common divisor of v and 21?
21
Let j(g) be the first derivative of -18*g**2 + 15*g + 89. Let u be j(-5). Calculate the highest common factor of u and 15.
15
Let k be 22/77 + 372/21. Suppose -65 = -k*c - 29. Calculate the highest common factor of c and 58.
2
Suppose -3*f + 2*b = -164, -2*b - 9 = 5. Calculate the highest common factor of f and 140.
10
Suppose -q + 2 + 5 = -t, 3*q = -2*t + 11. Let m = 582 - 591. Let a be m*(-1055)/75 + (-3)/q. Calculate the highest common factor of a and 14.
14
Let u = -13660 - -22568. Suppose -11*y + u = 2088. Calculate the greatest common divisor of 20 and y.
20
Let k = -19232 + 19272. Let c be 6*5*13/3. What is the highest common divisor of c and k?
10
Suppose 191*q = 194*q - 102. What is the highest common divisor of 3 and q?
1
Suppose 2*d - 500 = -554. Let u be (d/(-2))/(-3)*3536/(-204). Calculate the greatest common divisor of u and 182.
26
Let j(a) be the first derivative of 10*a**3/3 - 5*a**2 + 16*a + 224. Let i be j(8). What is the greatest common divisor of i and 18?
18
Let j = -587 - -584. Let r be (-874)/(-190) - j*4/30. What is the highest common factor of 20 and r?
5
Let c = 64 + -39. Suppose -c = 2*f + 4*q + 21, 69 = -3*f + 2*q. Let w = f + 63. What is the greatest common factor of w and 10?
10
Suppose y + 3*y - 1353 = -5*c, 3*c = 3*y - 1035. Let p = 1526 + -1488. Calculate the highest common factor of p and y.
38
Let b be 850/(20/(-4)) + 6. Let o = -96 - b. Calculate the highest common factor of o and 17.
17
Let f be ((-406)/(-21))/((-10)/(-105)). Suppose -17*n = -10*n - f. What is the greatest common divisor of n and 319?
29
Suppose 4*c + 0*c - 810 = -2*q, 4*c - 3*q = 785. Let l be (-2992)/(-12) - (-228)/342. What is the highest common factor of l and c?
50
Let i = -2 - -3. Let v be (27 - 2) + i - 2. Let u be (-4)/1*1*6/(-4). What is the greatest common divisor of u and v?
6
Suppose -a = 5*u + 55, -3*a - 55 = 6*u - 2*u. Let w(r) = -4*r - 35. Let t be w(u). Suppose t*m - m = 196. Calculate the greatest common factor of 98 and m.
49
Suppose 5*c + d - 6204 = 11995, -2*d = -3*c + 10922. Calculate the highest common divisor of c and 35.
35
Suppose 5*l - 6*l = 4*b - 370, b + 1045 = 3*l. Let r = l + -56. What is the highest common factor of 6 and r?
6
Let a = 34552 - 29043. Calculate the highest common divisor of 7 and a.
7
Let v be (-134200)/183 - 5/3. Let c be v/(-39) + -1 + 18/117. Calculate the greatest common factor of c and 117.
9
Let c be (-4 - (-8)/2)/(-5). Let l be 5/((-9)/6 + c + 2). What is the greatest common divisor of l and 90?
10
Let h(w) = 2*w**2 - 17*w + 2. Let r(m) = -3*m**2 + 34*m - 3. Let y(l) = 7*h(l) + 4*r(l). Let i be y(-12). What is the greatest common divisor of 430 and i?
86
Let x(g) = 30*g + 22. Let a be x(-2). Let q be (14/(-28))/(1/a). Let z(d) = 76*d**2. Let m be z(1). Calculate the greatest common factor of m and q.
19
Let v be ((-3317)/(-124) - (-6)/(-8)) + -9. What is the highest common divisor of v and 7361?
17
Let p = -12 - -2. Let s be 31 + p/(-2) + -2. Suppose 103*z + 153 = 112*z. What is the highest common divisor of s and z?
17
Let z be (-2)/7 - 1864/(-56). Let v be ((-66)/15 - -2)*2/(-4)*5. What is the highest common divisor of v and z?
3
Let k(t) = -6*t**3 + 87*t**2 + 47*t - 27. Let g be k(15). Calculate the greatest common divisor of g and 1029.
3
Let d(b) = 41*b - 184. Let m = -527 - -533. Let g be d(m). Calculate the greatest common factor of 93 and g.
31
Let x = 43103 + -28683. What is the highest common factor of x and 280?
140
Suppose 5*f - 553 = -2*w, 0*w + 249 = w - 3*f. Suppose 5*m + 120*l - 10 = 115*l, l = -6. Calculate the highest common factor of w and m.
8
Let s = -12 + -15. Let l be (-36)/s*(-90)/(-4). Calculate the highest common divisor of l and 10.
10
Suppose 0 = 30*q - 3500 - 1060. Calculate the highest common divisor of 76 and q.
76
Let l = -16728 - -20294. Calculate the highest common factor of 4 and l.
2
Let c be (-12)/20 + (514352/85)/2. Calculate the highest common divisor of 25 and c.
25
Suppose -5*v + 3*m = -360, -167 - 123 = -4*v + 2*m. Let k = -247 + 246. Let p be 16 + (k - (3 + -3)). What is the greatest common divisor of v and p?
15
Let l = -2183 + 3903. What is the highest common factor of 16 and l?
8
Suppose 4*g - 1070 = 3*a + 448, 0 = -5*g + 15. Let w = a - -888. Suppose w + 126 = 8*r. What is the highest common factor of r and 4?
4
Let v = -49 + 81. Let k(i) = 5*i - 2 - 10*i + 15 + 1. Let x be k(2). Calculate the highest common divisor of x and v.
4
Let k(j) = 7*j + 10. Let y be (-1 + -3 + 1)/(513/(-342)). Let q be k(y). Suppose m - 5*m + 12 = 0. What is the highest common factor of m and q?
3
Suppose 0 = 24*c - 235 - 389. What is the highest common divisor of c and 637?
13
Suppose -1173 = -5*x - z - z, -1169 = -5*x - z. Let u = x - 219. What is the greatest common divisor of u and 126?
14
Suppose 4*h - 1336 = -5*w, 5*w - 3*w - 2*h = 520. Suppose 7*i = 13*i - w. What is the greatest common divisor of i and 77?
11
Let l(r) = -r**3 - 47*r**2 + 54*r + 330. Let a be l(-48). What is the highest common divisor of 15582 and a?
42
Suppose 3*l + 88 - 19 = 0. Let j = -14 - l. Suppose -1201 = -9*o - 148. What is the greatest common divisor of o and j?
9
Suppose 0 = -37*c + 42*c + 1200. Let q be -175*16/c - (-2)/(-3). What is the greatest common factor of q and 6?
1
Suppose -4*l + 36 = 3*s, -5*s + 212*l + 88 = 214*l. What is the greatest common divisor of s and 4780?
20
Suppose 5*o = 5*r - 2445, 2*o - 3*r = 52 - 1035. Let w = 631 + o. What is the highest common factor of 42 and w?
21
Suppose w - 123 = 5*x, 114 = 2*w - w - 2*x. Let t = 252 - w. What is the highest common factor of 32 and t?
16
Let o(z) = 28*z**2 - z. Let u be o(1). Suppose -33*d = -93 - 39. Suppose 0*j = f - j - u, d*j = 20. What is the highest common divisor of f and 16?
16
Suppose 4*r - 5*n = 4, 45 + 1 = 5*r + 4*n. Suppose -5*y + x = -250, -4*y + 3*x + 240 = y. What is the h